culate s(d).
-2
Let o be 3*-1 + 10/5. Suppose 3*i + 4*q - 52 = 0, i + 0*i - 5*q + 8 = 0. Let p(r) = -10*r**2 + i*r**2 - 3*r**2 + 9*r**3. What is p(o)?
-10
Suppose -4*f = -2*u + 128, 30 = -3*f + 4*u - 66. Let i = 48 + f. Suppose -7*k - i = 5. Let g(c) = -c**3 - 2*c**2 + 2*c - 4. Determine g(k).
-1
Let c(d) be the second derivative of -d**4/12 - 17*d**3/6 + 9*d**2 - 233*d. What is c(-18)?
0
Let f(h) = -9*h - 13*h**3 - 10*h**2 + 12*h**3 - 43 + 34. Calculate f(-9).
-9
Let g(n) = n**3 + 7*n**2 - 7*n + 8. Suppose -16 = 3*p - 4. Let y be (12/18)/(p/150). Let z = y - -17. Determine g(z).
0
Suppose 4*y + 34 - 6 = 0. Let p(s) be the first derivative of -s**4/4 - 7*s**3/3 - 309. What is p(y)?
0
Let y(q) = q + 7. Suppose w - 34 = 4*n + 7, 3*n - 38 = -2*w. Suppose 4*m - 12 = 0, -5*m = -0*r + r - 21. Suppose -s = -r*s - w. Determine y(s).
2
Let q(f) = f + 14. Let z = -968 + 961. What is q(z)?
7
Let v(b) = b**3 + 5*b**2 - 3*b - 5. Suppose -d + 3*p = -30, d - p = -2*d + 50. Suppose 0 = -2*t, 3*y = 6*y + 2*t + d. Determine v(y).
10
Let s(k) be the second derivative of -3*k**5/10 - k**4/12 + k**3/3 - k**2/2 - 3*k. Suppose -2*c = -2*m - 6*c + 18, 5*c - 17 = 3*m. Determine s(m).
-6
Let z(h) = 4*h + 0*h + h**3 - 5 - 5*h**2 + 0*h**3. Suppose 124 = -2*j + 33*j. Determine z(j).
-5
Let d be (-20)/(-45)*1*(-27)/(-6). Let x(y) = y**3 + y**2 - 9*y + 1. Give x(d).
-5
Let f(j) = -5*j - 4. Let x(y) = 4*y + 4. Let s(k) = -3*f(k) - 4*x(k). Let z be (10/25)/(2/140). Let p = z + -32. Give s(p).
0
Let y(x) be the first derivative of -x**3/3 - 3*x**2/2 + 4*x - 4. Determine y(-5).
-6
Let u(d) = 7*d**2 + 6*d - 15. Let i(b) = -9*b**2 - 5*b + 16. Let x(c) = -4*i(c) - 5*u(c). Give x(7).
-10
Let c = 11 + -9. Let l(b) = -3*b**c - 1 - 17*b + 22*b - 4 + 2*b**2. Give l(6).
-11
Let u(c) be the third derivative of c**6/120 - c**5/12 + c**4/8 - 2*c**3/3 - 318*c**2. What is u(5)?
11
Let a be 2/(-14) + (-15)/(-7). Suppose 4*c + 0*c + a*z = -2, 0 = 3*c - 2*z - 2. Let d(x) = 5*x**2 - 2*x + 3 - 2*x**2 + c*x**2. Calculate d(2).
11
Let l(z) = -10*z + 8. Let u(o) = -6*o + 3. Let h(k) = -2*l(k) + 5*u(k). Calculate h(-1).
9
Let v(u) = -7*u + 28. Let s(m) = 4*m - 1. Let i(f) = -2*s(f) - v(f). Determine i(-30).
4
Let p(h) = -h**3 - 2*h**2 - 8*h - 3. Let b(m) = m**3 + 3*m**2 + 7*m + 2. Let d(u) = -5*b(u) - 4*p(u). Determine d(-6).
-16
Let s(f) = -3*f + 6. Let l = 95 - 95. Suppose 12*u + 3*u - 75 = l. Calculate s(u).
-9
Let s(f) = 2*f**2 - f + 1. Let j be ((-15)/10)/(8/(-16)). Give s(j).
16
Let q be 63/35 - (-1)/5. Let s(i) = 11*i + i**q - 43 - 2*i + 51. What is s(-6)?
-10
Let d(j) = -2*j + 14*j + 60*j**2 - 59*j**2 + 0*j + 19. Give d(-8).
-13
Let f = 9 + -8. Let p(g) = g - 9*g - 2*g**2 - g**2 + 7*g. Calculate p(f).
-4
Let z(p) = -6*p**2 + 3*p**2 - 13*p**2 + 4 + 12*p + 3*p**2. Let b(a) = -7*a**2 + 6*a + 2. Let g(h) = 11*b(h) - 6*z(h). Calculate g(6).
-2
Let d(x) = x**3 - 5*x**2 + 7. Let c(a) = -4*a**3 + 2*a**2 + 4*a + 3. Let v be c(-1). Determine d(v).
7
Let h be (-1 - (-14)/16) + 297/264. Let y(p) = 8*p + 2. Calculate y(h).
10
Let r(z) be the second derivative of -z**5/20 - 7*z**4/12 + 7*z**3/6 - 3*z**2/2 + 172*z. Let w = 0 - -2. Let j be -7 + (w/(-1))/2. Calculate r(j).
5
Let t(u) = -2*u**3 + u**2 + 3*u - 2. Suppose -2*p + 3*o + 10 = 5*o, -o + 29 = 5*p. Suppose p*l = 7*l. Let k be l - (-3 + 0 + 1). Calculate t(k).
-8
Suppose 0*b - 5*b = 5*n - 15, 5*n + 15 = 5*b. Suppose 6*w - 3*w = 6. Let g(x) = x**w + 7*x - 16*x + 10*x - 6 - x**3. Determine g(n).
-6
Let b = -12 - -7. Let n(h) = 397*h - 796*h + 403*h + 6. What is n(b)?
-14
Let a(p) = -2*p**3 + 3*p**2 + 6*p + 1. Let w(v) = v**3 + v**2 + 1. Let j(g) = -a(g) - w(g). Calculate j(5).
-7
Let j(v) = v**3 + 6*v**2 + 3*v - 1. Let a = -120 + 121. Let c be a/(-9) + 88/(-18). Determine j(c).
9
Let g(f) = -2*f**3 - 152*f**2 + 6*f - 4. Let x(l) = -l**3 - 70*l**2 + 3*l - 2. Let z(o) = 6*g(o) - 13*x(o). Determine z(4).
22
Let d(v) = -5799*v + 5813*v + 9 - 5 + 10 - 2*v**2 + 1. Give d(8).
-1
Suppose 0 = 2*k + 3*b + 15 - 4, 3*b + 7 = -k. Let f(o) = o**3 + 4*o**2 + 222*o - 111*o - 111*o - 1. Determine f(k).
-1
Let d = -6 - -6. Let b(g) = -36*g**2 + 74*g**2 + 19 - 37*g**2. Calculate b(d).
19
Let f(k) = -2838*k + k**2 - 2 + 5 + 2838*k - 6. Calculate f(-3).
6
Let u(b) = -b**2 + 5*b + 8. Let m be u(6). Let f(g) = -1 - 34*g - 5*g + 37*g. Give f(m).
-5
Suppose 95 = -34*c - 41. Let i(b) = -b**3 - 3*b**2 + b - 4. Give i(c).
8
Let a(d) be the second derivative of -d**3/6 + 5*d**2 - 2*d + 7. What is a(17)?
-7
Suppose 0 = -5*g + 10*g. Let d(k) = 0*k + k**2 + g*k + k + 13. What is d(0)?
13
Let s(q) = -2. Let o(d) = -6*d - 13. Let m(n) = -o(n) + 4*s(n). What is m(3)?
23
Let p(j) = -1 + 1 - 4 - j. Let u(b) = -2*b**2 + 13*b + 537. Let y be u(20). Determine p(y).
-1
Let m(p) = 2*p + 10. Let x(b) = -b**3 + 14*b**2 - 38*b - 16. Let r be x(10). Give m(r).
18
Let f be 180/80 - 3/(-4). Let p(u) = 4*u - 1. Let z(w) = -3*w + 2. Let n(r) = f*z(r) + 2*p(r). Calculate n(6).
-2
Let r(f) be the second derivative of -f**4/12 - 13*f**3/6 + 8*f**2 - 7*f. Let q be r(-14). Suppose -8 = z - q. Let u(i) = i + 4. Calculate u(z).
-2
Let d(h) = h**2 - 4. Suppose -3*r - 32 - 61 = 0. Let b = r + 35. What is d(b)?
12
Suppose 12 = 28*x - 25*x. Let z(c) = -2*c + 3. Determine z(x).
-5
Let z be 35/6 + (-5)/(-30). Suppose -3*c - 13 = -5*t, 2*c + z*t = t + 33. Let k(q) = -7 - 2*q + 3*q - 9 + c. Calculate k(0).
-12
Suppose -3*o - 6 = 2*b, 5*o - 34 = b + 3*b. Let t(p) = p - 2. Let x(w) = -w - 1. Let i(a) = t(a) + 2*x(a). What is i(b)?
2
Let q(a) = -a**3 - 12*a**2 - 9*a + 20. Suppose 69 = 4*t + 113. Determine q(t).
-2
Let n(g) = -15*g**2 + g. Let r(b) = b**3 + 11*b**2 - 10*b + 23. Let m be r(-12). What is n(m)?
-16
Let z(g) = 2 + 4*g + 2 - 2*g - g. What is z(5)?
9
Let i be (-7)/((-245)/(-20)) - 208/28. Let g(l) = -l**3 - l. Let j(s) = 5*s**3 + 8*s**2 + 2*s - 10. Let z(v) = -4*g(v) - j(v). Give z(i).
-6
Let s(v) = 4*v + 1 + 5 + 4*v**2 + v**3 - 2*v**3. Let z be (4 - 3 - -2) + 0. Suppose 3*o + z*o - 30 = 0. Calculate s(o).
1
Let j(d) = -d**2 - 4*d - 9. Let u(p) = 3*p**2 + 7*p + 18. Let q(s) = 5*j(s) + 2*u(s). Let y be q(7). Let l(k) = -k - 1. Give l(y).
1
Let w be (-1 + 5)*(-2)/10*5. Let d(n) = 5*n**2 + 3*n**3 - 2*n**3 + 82 - 81. What is d(w)?
17
Suppose -50 = 133*s - 50. Let q(j) be the second derivative of -1/6*j**3 + j + 7/2*j**2 + 0. What is q(s)?
7
Let w(o) = -o**2 - 4*o - 7. Let g(i) = 28*i + 190. Let j be g(-7). Determine w(j).
-19
Let g = 1509 + -1507. Let w(k) = -7*k + 9. Determine w(g).
-5
Let g(w) = w. Let u(h) = -h + 1. Let t(o) = 3*g(o) + u(o). Let m be ((-9)/(-3))/(3/10). Let y = 8 - m. What is t(y)?
-3
Let u(b) = -b**3 + 9*b**2 + 5*b - 13. Suppose -12 = -4*a + 24. Let y be u(a). Let w(c) = -29 - c**2 + y + c**2 + c**2. What is w(-3)?
12
Suppose 0 = -4*i - t + 40, 0 = i - 0*t - t - 5. Let h(g) = g**2 - 8*g - 11. Let j be h(i). Let s be 2/7*(-28)/j. Let z(u) = -2*u**2 + 6*u - 3. Calculate z(s).
-11
Let p(q) = q - 13. Let x(j) = 17*j**2 + 8*j + 1. Let h be x(-1). What is p(h)?
-3
Let d(q) = q**2 + q - 1. Let a(y) = -y - 6. Let c be a(-10). Suppose -c*f = -13 + 1. Suppose 0 = p + 5*r + 22, 3 + 1 = f*p + r. Give d(p).
11
Let o(v) = v**2 - 3*v - 2. Let j = -54 + 61. Suppose 2*a - 33 = 5*d, 3*a = a - 3*d - j. Give o(a).
2
Let o(q) = q**3 - 11*q**2 - 13*q + 15. Let d be o(12). Let l(v) = -2 + 6 - 2*v**d - 2 + 3*v**3. Let m = 6 - 6. Give l(m).
2
Suppose 0*i = 4*i + 24. Let f(w) = -4*w + 789*w**2 - 1593*w**2 + 1 + 803*w**2. Calculate f(i).
-11
Let i(v) = -4*v - 124. Let d be i(-30). Let u(m) = 4*m + 2. What is u(d)?
-14
Let z(p) = -11 + 0*p**2 + p**2 - 2*p - 11*p. Calculate z(13).
-11
Let x(h) = h**3 + 217 - 434 - 12*h**2 + 216 + 3*h**2 + 2*h. Calculate x(9).
17
Let y(c) = c**2 - 8*c - 3. Let j = -11 + 3. Let k be 99/12 + 2/j. What is y(k)?
-3
Let t be 0*((1 - 0)*-1)/1. Let l(g) = -1 + 29*g + t - 32*g. Give l(-2).
5
Let c(i) = -i**3 + 5*i**2 - i - 3. Let n(r) = r**3 + 8*r**2 + 2*r - 3. Let x be n(-8). Let s = x - -24. Give c(s).
-8
Let b(w) = w**3 - 3*w**2 - 4*w + 3. Let d(m) = m**2 + 6*m - 8. Suppose 0 = 2*z + 3 + 9. Let n be d(z). Let h = n - -12. Give b(h).
3
Let t(l) = -18*l - 29. Let f(g) = 9*g + 12. Let a(w) = 7*f(w) + 3*t(w). Give a(2).
15
Let v(l) = l - 6. Let t be (40/100)/((-2)/50). Give v(t).
-16
Let m(t) 